 divided by 85.
3
What is the remainder when 243 is divided by 7?
5
What is the remainder when 318 is divided by 120?
78
Calculate the remainder when 110 is divided by 27.
2
Calculate the remainder when 835 is divided by 213.
196
What is the remainder when 149 is divided by 47?
8
What is the remainder when 5081 is divided by 23?
21
What is the remainder when 264 is divided by 21?
12
Calculate the remainder when 12313 is divided by 47.
46
What is the remainder when 409 is divided by 123?
40
What is the remainder when 50 is divided by 45?
5
Calculate the remainder when 15308 is divided by 174.
170
What is the remainder when 742 is divided by 75?
67
What is the remainder when 3992 is divided by 111?
107
What is the remainder when 208 is divided by 123?
85
Calculate the remainder when 152 is divided by 130.
22
Calculate the remainder when 229 is divided by 66.
31
What is the remainder when 148 is divided by 23?
10
Calculate the remainder when 1192 is divided by 92.
88
Calculate the remainder when 292 is divided by 147.
145
What is the remainder when 144 is divided by 54?
36
Calculate the remainder when 69 is divided by 7.
6
What is the remainder when 1712 is divided by 35?
32
Calculate the remainder when 146 is divided by 33.
14
Calculate the remainder when 153 is divided by 53.
47
What is the remainder when 4054 is divided by 2019?
16
Calculate the remainder when 936 is divided by 2.
0
What is the remainder when 806 is divided by 94?
54
Calculate the remainder when 18153 is divided by 58.
57
Calculate the remainder when 5343 is divided by 54.
51
Calculate the remainder when 201 is divided by 41.
37
Calculate the remainder when 1269 is divided by 77.
37
Calculate the remainder when 11829 is divided by 13.
12
What is the remainder when 194 is divided by 54?
32
Calculate the remainder when 4615 is divided by 31.
27
Calculate the remainder when 158 is divided by 17.
5
Calculate the remainder when 55 is divided by 29.
26
What is the remainder when 214 is divided by 27?
25
What is the remainder when 133 is divided by 25?
8
Calculate the remainder when 146 is divided by 25.
21
What is the remainder when 1422 is divided by 75?
72
Calculate the remainder when 87 is divided by 19.
11
Calculate the remainder when 33 is divided by 5.
3
What is the remainder when 330 is divided by 91?
57
What is the remainder when 97 is divided by 54?
43
What is the remainder when 206 is divided by 70?
66
Calculate the remainder when 232 is divided by 34.
28
What is the remainder when 96 is divided by 11?
8
What is the remainder when 2572 is divided by 855?
7
What is the remainder when 102 is divided by 11?
3
What is the remainder when 4954 is divided by 3?
1
Calculate the remainder when 607 is divided by 38.
37
Calculate the remainder when 2054 is divided by 17.
14
What is the remainder when 528 is divided by 10?
8
Calculate the remainder when 73 is divided by 2.
1
What is the remainder when 37360 is divided by 13?
11
What is the remainder when 48 is divided by 20?
8
Calculate the remainder when 525 is divided by 31.
29
Calculate the remainder when 295 is divided by 37.
36
What is the remainder when 1322 is divided by 21?
20
What is the remainder when 187 is divided by 64?
59
What is the remainder when 99 is divided by 24?
3
What is the remainder when 12284 is divided by 65?
64
What is the remainder when 6757 is divided by 52?
49
Calculate the remainder when 494 is divided by 31.
29
Calculate the remainder when 3020 is divided by 1004.
8
Calculate the remainder when 165 is divided by 13.
9
Calculate the remainder when 116 is divided by 41.
34
Calculate the remainder when 38 is divided by 25.
13
What is the remainder when 493 is divided by 121?
9
What is the remainder when 1907 is divided by 36?
35
What is the remainder when 799 is divided by 3?
1
What is the remainder when 844 is divided by 176?
140
What is the remainder when 323 is divided by 65?
63
What is the remainder when 1334 is divided by 63?
11
What is the remainder when 16 is divided by 5?
1
Calculate the remainder when 118 is divided by 69.
49
Calculate the remainder when 3555 is divided by 127.
126
What is the remainder when 160 is divided by 31?
5
Calculate the remainder when 85 is divided by 31.
23
What is the remainder when 541 is divided by 34?
31
What is the remainder when 321 is divided by 72?
33
Calculate the remainder when 31 is divided by 26.
5
Calculate the remainder when 1365 is divided by 57.
54
Calculate the remainder when 4116 is divided by 23.
22
Calculate the remainder when 2779 is divided by 116.
111
Calculate the remainder when 159 is divided by 82.
77
Calculate the remainder when 117 is divided by 15.
12
Calculate the remainder when 595 is divided by 39.
10
Calculate the remainder when 223 is divided by 27.
7
What is the remainder when 880 is divided by 49?
47
What is the remainder when 71 is divided by 4?
3
What is the remainder when 759 is divided by 111?
93
What is the remainder when 520 is divided by 58?
56
Calculate the remainder when 741 is divided by 133.
76
Calculate the remainder when 398 is divided by 6.
2
What is the remainder when 202 is divided by 98?
6
What is the remainder when 527 is divided by 145?
92
Calculate the remainder when 46 is divided by 7.
4
What is the remainder when 8447 is divided by 13?
10
What is the remainder when 2988 is divided by 167?
149
What is the remainder when 95 is divided by 16?
15
What is the remainder when 182 is divided by 66?
50
What is the remainder when 40 is divided by 25?
15
What is the remainder when 72 is divided by 26?
20
Calculate the remainder when 511 is divided by 47.
41
Calculate the remainder when 103 is divided by 50.
3
What is the remainder when 167 is divided by 28?
27
Calculate the remainder when 8806 is divided by 19.
9
What is the remainder when 111 is divided by 79?
32
Calculate the remainder when 955 is divided by 160.
155
What is the remainder when 1079 is divided by 40?
39
What is the remainder when 116 is divided by 34?
14
What is the remainder when 55 is divided by 4?
3
Calculate the remainder when 981 is divided by 141.
135
What is the remainder when 1656 is divided by 333?
324
What is the remainder when 12307 is divided by 68?
67
What is the remainder when 582 is divided by 418?
164
Calculate the remainder when 1676 is divided by 117.
38
What is the remainder when 322 is divided by 54?
52
What is the remainder when 491 is divided by 41?
40
What is the remainder when 83 is divided by 2?
1
What is the remainder when 347 is divided by 21?
11
What is the remainder when 465 is divided by 36?
33
What is the remainder when 1173 is divided by 1158?
15
What is the remainder when 172 is divided by 70?
32
What is the remainder when 1958 is divided by 49?
47
Calculate the remainder when 722 is divided by 169.
46
What is the remainder when 624 is divided by 25?
24
What is the remainder when 176 is divided by 171?
5
Calculate the remainder when 447 is divided by 18.
15
Calculate the remainder when 295 is divided by 43.
37
Calculate the remainder when 88 is divided by 21.
4
Calculate the remainder when 217 is divided by 70.
7
What is the remainder when 12669 is divided by 13?
7
What is the remainder when 2159 is divided by 47?
44
Calculate the remainder when 28493 is divided by 69.
65
What is the remainder when 247 is divided by 15?
7
What is the remainder when 179 is divided by 47?
38
Calculate the remainder when 915 is divided by 899.
16
Calculate the remainder when 8329 is divided by 85.
84
Calculate the remainder when 10731 is divided by 95.
91
Calculate the remainder when 65061 is divided by 12.
9
What is the remainder when 589 is divided by 212?
165
What is the remainder when 3366 is divided by 24?
6
Calculate the remainder when 180 is divided by 31.
25
Calculate the remainder when 950 is divided by 473.
4
Calculate the remainder when 59 is divided by 4.
3
What is the remainder when 306 is divided by 99?
9
What is the remainder when 450 is divided by 144?
18
What is the remainder when 423 is divided by 184?
55
What is the remainder when 29 is divided by 10?
9
What is the remainder when 154 is divided by 82?
72
What is the remainder when 367 is divided by 46?
45
Calculate the remainder when 445 is divided by 94.
69
Calculate th